{"id":2077,"date":"2020-08-05T17:08:35","date_gmt":"2020-08-05T21:08:35","guid":{"rendered":"https:\/\/gpsites.co\/ethos\/?page_id=2077"},"modified":"2024-12-09T19:01:29","modified_gmt":"2024-12-09T19:01:29","slug":"zakres-uslug","status":"publish","type":"page","link":"https:\/\/lukaszmackiewicz.pl\/index.php\/zakres-uslug\/","title":{"rendered":"Zakres us\u0142ug"},"content":{"rendered":"<div class=\"gb-container gb-container-dfeb2640\">\n<div class=\"gb-container gb-container-3da61751\">\n\n<h2 class=\"gb-headline gb-headline-dfeb22db gb-headline-text\">Ponad 20 lat do\u015bwiadczenia i tysi\u0105ce zadowolonych klient\u00f3w<\/h2>\n\n\n\n<p>Nasza kancelaria to zesp\u00f3\u0142 do\u015bwiadczonych prawnik\u00f3w, kt\u00f3rzy z pasj\u0105 i zaanga\u017cowaniem pomagaj\u0105 osi\u0105ga\u0107 najlepsze rezultaty. Specjalizujemy si\u0119 w szerokim spektrum us\u0142ug prawnych, w tym:<\/p>\n\n\n\n<ul class=\"wp-block-list\">\n<li>Doradztwie i szkoleniach z zakresu zam\u00f3wie\u0144 publicznych.<\/li>\n\n\n\n<li>Kompleksowej obs\u0142udze przedsi\u0119biorc\u00f3w, zar\u00f3wno du\u017cych firm, jak i \u015brednich czy ma\u0142ych przedsi\u0119biorstw.<\/li>\n\n\n\n<li>Pomocy osobom fizycznym, oferuj\u0105c m.in. zast\u0119pstwo procesowe oraz wsparcie w przygotowywaniu um\u00f3w i dokument\u00f3w prawnych.<\/li>\n<\/ul>\n\n\n\n<p>Zapewniamy indywidualne podej\u015bcie do ka\u017cdej sprawy oraz pe\u0142ne wsparcie na ka\u017cdym etapie wsp\u00f3\u0142pracy.<\/p>\n\n<\/div>\n\n<div class=\"gb-container gb-container-4b90cea4\">\n\n<figure class=\"wp-block-image size-large photo-shadow img\"><img loading=\"lazy\" decoding=\"async\" width=\"800\" height=\"534\" src=\"http:\/\/lukaszmackiewicz2.piotrblaszczak.com\/wp-content\/uploads\/2020\/08\/pexels-august-de-richelieu-4427623.jpg\" alt=\"\" class=\"wp-image-3356\" srcset=\"https:\/\/lukaszmackiewicz.pl\/wp-content\/uploads\/2020\/08\/pexels-august-de-richelieu-4427623.jpg 800w, https:\/\/lukaszmackiewicz.pl\/wp-content\/uploads\/2020\/08\/pexels-august-de-richelieu-4427623-300x200.jpg 300w, https:\/\/lukaszmackiewicz.pl\/wp-content\/uploads\/2020\/08\/pexels-august-de-richelieu-4427623-768x513.jpg 768w\" sizes=\"auto, (max-width: 800px) 100vw, 800px\" \/><\/figure>\n\n<\/div>\n<\/div>\n\n<div class=\"gb-container gb-container-c1c16822\">\n\n<h3 class=\"gb-headline gb-headline-484263ce\"><span class=\"gb-icon\"><svg viewBox=\"0 0 80 67.901\" xmlns=\"http:\/\/www.w3.org\/2000\/svg\"><path d=\"M12.816 10.638a.852.852 0 01-.44-.123 5.433 5.433 0 01-1.477-1.276A4.286 4.286 0 019.67 6.223a4.322 4.322 0 014.317-4.317 4.321 4.321 0 014.316 4.24c1.887.405 5.004-.034 8.448-2.528 1.635-1.184 3.618-2.037 5.894-2.535a22.886 22.886 0 015.127-.504.855.855 0 01-.018 1.71c-2.3-.025-6.659.295-10 2.714-1.97 1.427-3.994 2.356-6.017 2.764-1.715.345-3.359.279-4.628-.188a.854.854 0 01-.549-.938 2.61 2.61 0 00-2.573-3.024 2.61 2.61 0 00-2.607 2.607c0 .697.272 1.352.765 1.845.026.026.05.053.072.082.263.34.613.642 1.04.899a.856.856 0 01-.441 1.588zM19.152 11.921c-1.261 0-2.402-.085-3.404-.255a.855.855 0 11.286-1.686c1.131.191 2.475.264 3.995.217 3.323-.104 5.737-1.383 8.072-2.62 1.565-.829 3.043-1.612 4.638-1.92a10.567 10.567 0 013.044-.12.855.855 0 01-.168 1.702 8.88 8.88 0 00-2.552.097c-1.345.26-2.65.951-4.162 1.752-2.39 1.266-5.099 2.702-8.819 2.818-.316.01-.627.015-.93.015zM14.13 46.331a14.04 14.04 0 01-9.992-4.139A14.038 14.038 0 010 32.201c0-.472.383-.855.855-.855h26.551c.472 0 .855.383.855.855a14.04 14.04 0 01-4.139 9.992 14.037 14.037 0 01-9.992 4.138zM1.739 33.056a12.326 12.326 0 003.609 7.927 12.339 12.339 0 008.782 3.638c3.318 0 6.437-1.292 8.782-3.638a12.328 12.328 0 003.609-7.927H1.739z\"><\/path><path d=\"M26.177 33.016a.854.854 0 01-.768-.478L14.13 9.636 2.852 32.539a.854.854 0 11-1.534-.756L13.363 7.322a.855.855 0 011.534 0l12.046 24.461a.855.855 0 01-.766 1.233z\"><\/path><path d=\"M14.13 32.964a.855.855 0 01-.855-.855V7.7a.855.855 0 011.71 0v24.409a.854.854 0 01-.855.855zM67.184 10.638a.856.856 0 01-.442-1.588c.427-.257.777-.56 1.04-.899a.938.938 0 01.072-.082 2.592 2.592 0 00.765-1.845 2.61 2.61 0 00-2.607-2.607 2.61 2.61 0 00-2.573 3.024.854.854 0 01-.549.938c-1.269.467-2.913.533-4.628.188-2.023-.407-4.047-1.337-6.017-2.764-3.341-2.419-7.699-2.739-10-2.714h-.009a.855.855 0 01-.009-1.71c1.785-.019 3.51.15 5.127.504 2.276.498 4.259 1.351 5.894 2.535 3.444 2.494 6.561 2.934 8.448 2.528a4.322 4.322 0 014.316-4.24 4.322 4.322 0 014.317 4.317 4.29 4.29 0 01-1.228 3.016c-.388.49-.885.919-1.477 1.276a.852.852 0 01-.44.123zM60.848 11.921c-.303 0-.614-.005-.931-.015-3.72-.116-6.429-1.552-8.819-2.818-1.512-.801-2.817-1.492-4.162-1.752a8.88 8.88 0 00-2.552-.097.855.855 0 01-.168-1.702 10.567 10.567 0 013.044.12c1.595.308 3.073 1.091 4.638 1.92 2.335 1.237 4.748 2.516 8.072 2.62 1.52.047 2.865-.025 3.995-.217a.855.855 0 01.286 1.686c-1.001.17-2.142.255-3.403.255zM65.869 46.331a14.04 14.04 0 01-9.992-4.139 14.037 14.037 0 01-4.139-9.992c0-.472.383-.855.855-.855h26.551c.472 0 .855.383.855.855a14.04 14.04 0 01-4.139 9.992 14.03 14.03 0 01-9.991 4.139zM53.478 33.056a12.326 12.326 0 003.609 7.927 12.339 12.339 0 008.782 3.638c3.318 0 6.437-1.292 8.782-3.638a12.328 12.328 0 003.609-7.927H53.478z\"><\/path><path d=\"M77.916 33.016a.854.854 0 01-.768-.478L65.869 9.636 54.591 32.539a.854.854 0 11-1.534-.756L65.102 7.322a.855.855 0 011.534 0l12.046 24.461a.855.855 0 01-.766 1.233z\"><\/path><path d=\"M65.869 32.964a.855.855 0 01-.855-.855V7.7a.855.855 0 011.71 0v24.409a.854.854 0 01-.855.855zM55.849 67.901H24.034a.855.855 0 01-.855-.855v-7.092c0-.472.383-.855.855-.855h31.815c.472 0 .855.383.855.855v7.092a.855.855 0 01-.855.855zm-30.96-1.71h30.104v-5.382H24.889v5.382z\"><\/path><path d=\"M55.833 60.809H24.05a.855.855 0 01-.363-1.629l12.017-5.632a.859.859 0 01.363-.081h6.923c.118 0 .235.025.343.072l12.844 5.632a.856.856 0 01-.344 1.638zm-27.944-1.71h23.864l-8.943-3.921h-6.554l-8.367 3.921z\"><\/path><path d=\"M43.29 55.146h-6.698a.855.855 0 01-.855-.855V13.986l-3.395-3.619a.855.855 0 01.624-1.44h13.95a.855.855 0 01.624 1.44l-3.395 3.619v40.305a.855.855 0 01-.855.855zm-5.842-1.71h4.987V13.648c0-.217.083-.427.231-.585l2.275-2.425h-10l2.275 2.425a.855.855 0 01.231.585v39.788z\"><\/path><path d=\"M39.941 10.495a5.254 5.254 0 01-5.248-5.248A5.255 5.255 0 0139.941 0a5.254 5.254 0 015.248 5.248 5.253 5.253 0 01-5.248 5.247zm0-8.785a3.541 3.541 0 00-3.537 3.537 3.541 3.541 0 003.537 3.537 3.541 3.541 0 003.537-3.537 3.54 3.54 0 00-3.537-3.537z\"><\/path><path d=\"M39.941 10.495a5.254 5.254 0 01-5.248-5.248A5.255 5.255 0 0139.941 0a5.254 5.254 0 015.248 5.248 5.253 5.253 0 01-5.248 5.247zm0-8.785a3.541 3.541 0 00-3.537 3.537 3.541 3.541 0 003.537 3.537 3.541 3.541 0 003.537-3.537 3.54 3.54 0 00-3.537-3.537zM40.287 64.321h-16.09a.855.855 0 010-1.71h16.09a.855.855 0 010 1.71zM55.68 64.321h-6.476a.855.855 0 010-1.71h6.476a.855.855 0 010 1.71z\"><\/path><\/svg><\/span><span class=\"gb-headline-text\">Zakres us\u0142ug kancelarii<\/span><\/h3>\n\n\n<div class=\"gb-container gb-container-adc89f3d\">\n<div class=\"gb-container gb-container-d1e772f5\">\n\n<h5 class=\"gb-headline gb-headline-e756323e gb-headline-text\">Szkolenia<\/h5>\n\n\n\n<p>Kancelaria od pocz\u0105tku istnienia prowadzi dzia\u0142alno\u015b\u0107 szkoleniow\u0105 i doradcz\u0105 w zakresie zam\u00f3wie\u0144 publicznych. Sta\u0142a wsp\u00f3\u0142praca z jedn\u0105 z najbardziej do\u015bwiadczonych i rozpoznawalnych firm szkoleniowych na terenie Polski \u2013 Centrum Doradztwa i Kszta\u0142cenia Nowe Przetargi \u2013 zaowocowa\u0142a dziesi\u0105tkami szkole\u0144 przeprowadzonymi na rzecz zamawiaj\u0105cych i wykonawc\u00f3w.<\/p>\n\n<\/div>\n\n<div class=\"gb-container gb-container-404b2121\">\n\n<h5 class=\"gb-headline gb-headline-1ca2fef4 gb-headline-text\">Pomoc podmiotom gospodarczym<\/h5>\n\n\n\n<p>Kancelaria \u015bwiadczy na rzecz podmiot\u00f3w gospodarczych us\u0142ugi obejmuj\u0105ce zast\u0119pstwo procesowe przed s\u0105dami i organami administracji, bie\u017c\u0105ce doradztwo i obs\u0142ug\u0119 prawn\u0105. Reprezentuj\u0105c ma\u0142e, \u015brednie i du\u017ce przedsi\u0119biorstwa kancelaria zapewnia szeroki wachlarz us\u0142ug w zakresie ochrony prawnej, \u0142adu korporacyjnego, windykacji i monitoringu nale\u017cno\u015bci.<\/p>\n\n<\/div>\n\n<div class=\"gb-container gb-container-ed4fd804\">\n\n<h5 class=\"gb-headline gb-headline-bad3360c gb-headline-text\">Pomoc osobom fizycznym<\/h5>\n\n\n\n<p>Kancelaria \u015bwiadczy szeroki wachlarz us\u0142ug dla os\u00f3b fizycznych obejmuj\u0105cy m.in. zast\u0119pstwo procesowe przed s\u0105dami, organami administracji i innymi jednostkami, bie\u017c\u0105ce doradztwo i obs\u0142ug\u0119 prawn\u0105. Zakres us\u0142ug obejmuje w szczeg\u00f3lno\u015bci zast\u0119pstwo procesowe, sporz\u0105dzanie pism przedprocesowych i procesowych, konsultacje, opiniowanie, a tak\u017ce sporz\u0105dzanie projekt\u00f3w um\u00f3w, akt\u00f3w prawnych i innych dokument\u00f3w.<\/p>\n\n<\/div>\n<\/div>\n<\/div>\n\n<div class=\"gb-container gb-container-c21ba4a9\">\n<div class=\"gb-container gb-container-3d366baa\">\n\n<p>Serdecznie zapraszam do skorzystania z us\u0142ug naszej kancelarii prawnej, kt\u00f3ra od ponad 20 lat wspiera swoich klient\u00f3w w rozwi\u0105zywaniu nawet najtrudniejszych spraw. Naszym celem jest nie tylko skuteczno\u015b\u0107, ale tak\u017ce budowanie zaufania i zapewnienie Pa\u0144stwu poczucia bezpiecze\u0144stwa prawnego. Wierzymy, \u017ce wsp\u00f3lnie mo\u017cemy osi\u0105gn\u0105\u0107 najlepsze rezultaty.<\/p>\n\n\n\n<p class=\"gb-headline gb-headline-682b26c1 gb-headline-text\"><em>\u2013 mec. \u0141ukasz Mackiewicz<\/em><\/p>\n\n<\/div>\n<\/div>\n\n\n<p><\/p>\n","protected":false},"excerpt":{"rendered":"<p>Ponad 20 lat do\u015bwiadczenia i tysi\u0105ce zadowolonych klient\u00f3w Nasza kancelaria to zesp\u00f3\u0142 do\u015bwiadczonych prawnik\u00f3w, kt\u00f3rzy z pasj\u0105 i zaanga\u017cowaniem pomagaj\u0105 osi\u0105ga\u0107 najlepsze rezultaty. Specjalizujemy si\u0119 w szerokim spektrum us\u0142ug prawnych, w tym: Zapewniamy indywidualne podej\u015bcie do ka\u017cdej sprawy oraz pe\u0142ne wsparcie na ka\u017cdym etapie wsp\u00f3\u0142pracy. Zakres us\u0142ug kancelarii Szkolenia Kancelaria od pocz\u0105tku istnienia prowadzi dzia\u0142alno\u015b\u0107 &#8230; <a title=\"Zakres us\u0142ug\" class=\"read-more\" href=\"https:\/\/lukaszmackiewicz.pl\/index.php\/zakres-uslug\/\" aria-label=\"Read more about Zakres us\u0142ug\">Read More<\/a><\/p>\n","protected":false},"author":1,"featured_media":0,"parent":0,"menu_order":0,"comment_status":"closed","ping_status":"closed","template":"","meta":{"footnotes":""},"class_list":["post-2077","page","type-page","status-publish"],"yoast_head":"<!-- This site is optimized with the Yoast SEO plugin v24.5 - https:\/\/yoast.com\/wordpress\/plugins\/seo\/ -->\n<title>Zakres us\u0142ug - \u0141ukasz Mackiewicz<\/title>\n<meta name=\"description\" content=\"Poznaj pe\u0142en zakres us\u0142ug Kancelarii Radcy Prawnego \u0141ukasza Mackiewicza: doradztwo w zam\u00f3wieniach publicznych, obs\u0142uga przedsi\u0119biorc\u00f3w, wsparcie os\u00f3b fizycznych oraz szkolenia. Od ponad 20 lat dostarczamy profesjonalne i indywidualnie dopasowane rozwi\u0105zania prawne, gwarantuj\u0105c skuteczno\u015b\u0107 oraz zaufanie.\" \/>\n<meta name=\"robots\" content=\"index, follow, max-snippet:-1, max-image-preview:large, max-video-preview:-1\" \/>\n<link rel=\"canonical\" href=\"https:\/\/lukaszmackiewicz.pl\/index.php\/zakres-uslug\/\" \/>\n<meta property=\"og:locale\" content=\"pl_PL\" \/>\n<meta property=\"og:type\" content=\"article\" \/>\n<meta property=\"og:title\" content=\"Zakres us\u0142ug - \u0141ukasz Mackiewicz\" \/>\n<meta property=\"og:description\" content=\"Poznaj pe\u0142en zakres us\u0142ug Kancelarii Radcy Prawnego \u0141ukasza Mackiewicza: doradztwo w zam\u00f3wieniach publicznych, obs\u0142uga przedsi\u0119biorc\u00f3w, wsparcie os\u00f3b fizycznych oraz szkolenia. Od ponad 20 lat dostarczamy profesjonalne i indywidualnie dopasowane rozwi\u0105zania prawne, gwarantuj\u0105c skuteczno\u015b\u0107 oraz zaufanie.\" \/>\n<meta property=\"og:url\" content=\"https:\/\/lukaszmackiewicz.pl\/index.php\/zakres-uslug\/\" \/>\n<meta property=\"og:site_name\" content=\"\u0141ukasz Mackiewicz\" \/>\n<meta property=\"article:publisher\" content=\"https:\/\/www.facebook.com\/szkoleniapzp\/?locale=pl_PL\" \/>\n<meta property=\"article:modified_time\" content=\"2024-12-09T19:01:29+00:00\" \/>\n<meta property=\"og:image\" content=\"https:\/\/lukaszmackiewicz.pl\/wp-content\/uploads\/2020\/08\/pexels-august-de-richelieu-4427623.jpg\" \/>\n\t<meta property=\"og:image:width\" content=\"800\" \/>\n\t<meta property=\"og:image:height\" content=\"534\" \/>\n\t<meta property=\"og:image:type\" content=\"image\/jpeg\" \/>\n<meta name=\"twitter:card\" content=\"summary_large_image\" \/>\n<script type=\"application\/ld+json\" class=\"yoast-schema-graph\">{\"@context\":\"https:\/\/schema.org\",\"@graph\":[{\"@type\":\"WebPage\",\"@id\":\"https:\/\/lukaszmackiewicz.pl\/index.php\/zakres-uslug\/\",\"url\":\"https:\/\/lukaszmackiewicz.pl\/index.php\/zakres-uslug\/\",\"name\":\"Zakres us\u0142ug - \u0141ukasz Mackiewicz\",\"isPartOf\":{\"@id\":\"https:\/\/lukaszmackiewicz.pl\/#website\"},\"primaryImageOfPage\":{\"@id\":\"https:\/\/lukaszmackiewicz.pl\/index.php\/zakres-uslug\/#primaryimage\"},\"image\":{\"@id\":\"https:\/\/lukaszmackiewicz.pl\/index.php\/zakres-uslug\/#primaryimage\"},\"thumbnailUrl\":\"http:\/\/lukaszmackiewicz2.piotrblaszczak.com\/wp-content\/uploads\/2020\/08\/pexels-august-de-richelieu-4427623.jpg\",\"datePublished\":\"2020-08-05T21:08:35+00:00\",\"dateModified\":\"2024-12-09T19:01:29+00:00\",\"description\":\"Poznaj pe\u0142en zakres us\u0142ug Kancelarii Radcy Prawnego \u0141ukasza Mackiewicza: doradztwo w zam\u00f3wieniach publicznych, obs\u0142uga przedsi\u0119biorc\u00f3w, wsparcie os\u00f3b fizycznych oraz szkolenia. Od ponad 20 lat dostarczamy profesjonalne i indywidualnie dopasowane rozwi\u0105zania prawne, gwarantuj\u0105c skuteczno\u015b\u0107 oraz zaufanie.\",\"breadcrumb\":{\"@id\":\"https:\/\/lukaszmackiewicz.pl\/index.php\/zakres-uslug\/#breadcrumb\"},\"inLanguage\":\"pl-PL\",\"potentialAction\":[{\"@type\":\"ReadAction\",\"target\":[\"https:\/\/lukaszmackiewicz.pl\/index.php\/zakres-uslug\/\"]}]},{\"@type\":\"ImageObject\",\"inLanguage\":\"pl-PL\",\"@id\":\"https:\/\/lukaszmackiewicz.pl\/index.php\/zakres-uslug\/#primaryimage\",\"url\":\"http:\/\/lukaszmackiewicz2.piotrblaszczak.com\/wp-content\/uploads\/2020\/08\/pexels-august-de-richelieu-4427623.jpg\",\"contentUrl\":\"http:\/\/lukaszmackiewicz2.piotrblaszczak.com\/wp-content\/uploads\/2020\/08\/pexels-august-de-richelieu-4427623.jpg\"},{\"@type\":\"BreadcrumbList\",\"@id\":\"https:\/\/lukaszmackiewicz.pl\/index.php\/zakres-uslug\/#breadcrumb\",\"itemListElement\":[{\"@type\":\"ListItem\",\"position\":1,\"name\":\"Strona g\u0142\u00f3wna\",\"item\":\"https:\/\/lukaszmackiewicz.pl\/\"},{\"@type\":\"ListItem\",\"position\":2,\"name\":\"Zakres us\u0142ug\"}]},{\"@type\":\"WebSite\",\"@id\":\"https:\/\/lukaszmackiewicz.pl\/#website\",\"url\":\"https:\/\/lukaszmackiewicz.pl\/\",\"name\":\"\u0141ukasz Mackiewicz - Kancelaria Radcy Prawnego Olsztyn\",\"description\":\"\",\"publisher\":{\"@id\":\"https:\/\/lukaszmackiewicz.pl\/#organization\"},\"potentialAction\":[{\"@type\":\"SearchAction\",\"target\":{\"@type\":\"EntryPoint\",\"urlTemplate\":\"https:\/\/lukaszmackiewicz.pl\/?s={search_term_string}\"},\"query-input\":{\"@type\":\"PropertyValueSpecification\",\"valueRequired\":true,\"valueName\":\"search_term_string\"}}],\"inLanguage\":\"pl-PL\"},{\"@type\":\"Organization\",\"@id\":\"https:\/\/lukaszmackiewicz.pl\/#organization\",\"name\":\"\u0141ukasz Mackiewicz - Kancelaria Radcy Prawnego Olsztyn\",\"url\":\"https:\/\/lukaszmackiewicz.pl\/\",\"logo\":{\"@type\":\"ImageObject\",\"inLanguage\":\"pl-PL\",\"@id\":\"https:\/\/lukaszmackiewicz.pl\/#\/schema\/logo\/image\/\",\"url\":\"https:\/\/lukaszmackiewicz.pl\/wp-content\/uploads\/2024\/12\/cropped-mackiewicz_logo_indeks.png\",\"contentUrl\":\"https:\/\/lukaszmackiewicz.pl\/wp-content\/uploads\/2024\/12\/cropped-mackiewicz_logo_indeks.png\",\"width\":339,\"height\":262,\"caption\":\"\u0141ukasz Mackiewicz - Kancelaria Radcy Prawnego Olsztyn\"},\"image\":{\"@id\":\"https:\/\/lukaszmackiewicz.pl\/#\/schema\/logo\/image\/\"},\"sameAs\":[\"https:\/\/www.facebook.com\/szkoleniapzp\/?locale=pl_PL\"]}]}<\/script>\n<!-- \/ Yoast SEO plugin. -->","yoast_head_json":{"title":"Zakres us\u0142ug - \u0141ukasz Mackiewicz","description":"Poznaj pe\u0142en zakres us\u0142ug Kancelarii Radcy Prawnego \u0141ukasza Mackiewicza: doradztwo w zam\u00f3wieniach publicznych, obs\u0142uga przedsi\u0119biorc\u00f3w, wsparcie os\u00f3b fizycznych oraz szkolenia. Od ponad 20 lat dostarczamy profesjonalne i indywidualnie dopasowane rozwi\u0105zania prawne, gwarantuj\u0105c skuteczno\u015b\u0107 oraz zaufanie.","robots":{"index":"index","follow":"follow","max-snippet":"max-snippet:-1","max-image-preview":"max-image-preview:large","max-video-preview":"max-video-preview:-1"},"canonical":"https:\/\/lukaszmackiewicz.pl\/index.php\/zakres-uslug\/","og_locale":"pl_PL","og_type":"article","og_title":"Zakres us\u0142ug - \u0141ukasz Mackiewicz","og_description":"Poznaj pe\u0142en zakres us\u0142ug Kancelarii Radcy Prawnego \u0141ukasza Mackiewicza: doradztwo w zam\u00f3wieniach publicznych, obs\u0142uga przedsi\u0119biorc\u00f3w, wsparcie os\u00f3b fizycznych oraz szkolenia. Od ponad 20 lat dostarczamy profesjonalne i indywidualnie dopasowane rozwi\u0105zania prawne, gwarantuj\u0105c skuteczno\u015b\u0107 oraz zaufanie.","og_url":"https:\/\/lukaszmackiewicz.pl\/index.php\/zakres-uslug\/","og_site_name":"\u0141ukasz Mackiewicz","article_publisher":"https:\/\/www.facebook.com\/szkoleniapzp\/?locale=pl_PL","article_modified_time":"2024-12-09T19:01:29+00:00","og_image":[{"width":800,"height":534,"url":"https:\/\/lukaszmackiewicz.pl\/wp-content\/uploads\/2020\/08\/pexels-august-de-richelieu-4427623.jpg","type":"image\/jpeg"}],"twitter_card":"summary_large_image","schema":{"@context":"https:\/\/schema.org","@graph":[{"@type":"WebPage","@id":"https:\/\/lukaszmackiewicz.pl\/index.php\/zakres-uslug\/","url":"https:\/\/lukaszmackiewicz.pl\/index.php\/zakres-uslug\/","name":"Zakres us\u0142ug - \u0141ukasz Mackiewicz","isPartOf":{"@id":"https:\/\/lukaszmackiewicz.pl\/#website"},"primaryImageOfPage":{"@id":"https:\/\/lukaszmackiewicz.pl\/index.php\/zakres-uslug\/#primaryimage"},"image":{"@id":"https:\/\/lukaszmackiewicz.pl\/index.php\/zakres-uslug\/#primaryimage"},"thumbnailUrl":"http:\/\/lukaszmackiewicz2.piotrblaszczak.com\/wp-content\/uploads\/2020\/08\/pexels-august-de-richelieu-4427623.jpg","datePublished":"2020-08-05T21:08:35+00:00","dateModified":"2024-12-09T19:01:29+00:00","description":"Poznaj pe\u0142en zakres us\u0142ug Kancelarii Radcy Prawnego \u0141ukasza Mackiewicza: doradztwo w zam\u00f3wieniach publicznych, obs\u0142uga przedsi\u0119biorc\u00f3w, wsparcie os\u00f3b fizycznych oraz szkolenia. Od ponad 20 lat dostarczamy profesjonalne i indywidualnie dopasowane rozwi\u0105zania prawne, gwarantuj\u0105c skuteczno\u015b\u0107 oraz zaufanie.","breadcrumb":{"@id":"https:\/\/lukaszmackiewicz.pl\/index.php\/zakres-uslug\/#breadcrumb"},"inLanguage":"pl-PL","potentialAction":[{"@type":"ReadAction","target":["https:\/\/lukaszmackiewicz.pl\/index.php\/zakres-uslug\/"]}]},{"@type":"ImageObject","inLanguage":"pl-PL","@id":"https:\/\/lukaszmackiewicz.pl\/index.php\/zakres-uslug\/#primaryimage","url":"http:\/\/lukaszmackiewicz2.piotrblaszczak.com\/wp-content\/uploads\/2020\/08\/pexels-august-de-richelieu-4427623.jpg","contentUrl":"http:\/\/lukaszmackiewicz2.piotrblaszczak.com\/wp-content\/uploads\/2020\/08\/pexels-august-de-richelieu-4427623.jpg"},{"@type":"BreadcrumbList","@id":"https:\/\/lukaszmackiewicz.pl\/index.php\/zakres-uslug\/#breadcrumb","itemListElement":[{"@type":"ListItem","position":1,"name":"Strona g\u0142\u00f3wna","item":"https:\/\/lukaszmackiewicz.pl\/"},{"@type":"ListItem","position":2,"name":"Zakres us\u0142ug"}]},{"@type":"WebSite","@id":"https:\/\/lukaszmackiewicz.pl\/#website","url":"https:\/\/lukaszmackiewicz.pl\/","name":"\u0141ukasz Mackiewicz - Kancelaria Radcy Prawnego Olsztyn","description":"","publisher":{"@id":"https:\/\/lukaszmackiewicz.pl\/#organization"},"potentialAction":[{"@type":"SearchAction","target":{"@type":"EntryPoint","urlTemplate":"https:\/\/lukaszmackiewicz.pl\/?s={search_term_string}"},"query-input":{"@type":"PropertyValueSpecification","valueRequired":true,"valueName":"search_term_string"}}],"inLanguage":"pl-PL"},{"@type":"Organization","@id":"https:\/\/lukaszmackiewicz.pl\/#organization","name":"\u0141ukasz Mackiewicz - Kancelaria Radcy Prawnego Olsztyn","url":"https:\/\/lukaszmackiewicz.pl\/","logo":{"@type":"ImageObject","inLanguage":"pl-PL","@id":"https:\/\/lukaszmackiewicz.pl\/#\/schema\/logo\/image\/","url":"https:\/\/lukaszmackiewicz.pl\/wp-content\/uploads\/2024\/12\/cropped-mackiewicz_logo_indeks.png","contentUrl":"https:\/\/lukaszmackiewicz.pl\/wp-content\/uploads\/2024\/12\/cropped-mackiewicz_logo_indeks.png","width":339,"height":262,"caption":"\u0141ukasz Mackiewicz - Kancelaria Radcy Prawnego Olsztyn"},"image":{"@id":"https:\/\/lukaszmackiewicz.pl\/#\/schema\/logo\/image\/"},"sameAs":["https:\/\/www.facebook.com\/szkoleniapzp\/?locale=pl_PL"]}]}},"_links":{"self":[{"href":"https:\/\/lukaszmackiewicz.pl\/index.php\/wp-json\/wp\/v2\/pages\/2077","targetHints":{"allow":["GET"]}}],"collection":[{"href":"https:\/\/lukaszmackiewicz.pl\/index.php\/wp-json\/wp\/v2\/pages"}],"about":[{"href":"https:\/\/lukaszmackiewicz.pl\/index.php\/wp-json\/wp\/v2\/types\/page"}],"author":[{"embeddable":true,"href":"https:\/\/lukaszmackiewicz.pl\/index.php\/wp-json\/wp\/v2\/users\/1"}],"replies":[{"embeddable":true,"href":"https:\/\/lukaszmackiewicz.pl\/index.php\/wp-json\/wp\/v2\/comments?post=2077"}],"version-history":[{"count":17,"href":"https:\/\/lukaszmackiewicz.pl\/index.php\/wp-json\/wp\/v2\/pages\/2077\/revisions"}],"predecessor-version":[{"id":4350,"href":"https:\/\/lukaszmackiewicz.pl\/index.php\/wp-json\/wp\/v2\/pages\/2077\/revisions\/4350"}],"wp:attachment":[{"href":"https:\/\/lukaszmackiewicz.pl\/index.php\/wp-json\/wp\/v2\/media?parent=2077"}],"curies":[{"name":"wp","href":"https:\/\/api.w.org\/{rel}","templated":true}]}}